{"id":104,"date":"2024-04-12T10:02:33","date_gmt":"2024-04-12T10:02:33","guid":{"rendered":"https:\/\/wstronejutra.pl\/?page_id=104"},"modified":"2024-08-05T09:19:49","modified_gmt":"2024-08-05T09:19:49","slug":"jak-mozesz-nam-pomoc","status":"publish","type":"page","link":"https:\/\/wstronejutra.pl\/index.php\/jak-mozesz-nam-pomoc\/","title":{"rendered":"Jak mo\u017cesz nam pom\u00f3c?"},"content":{"rendered":"\n<p class=\"has-text-color has-link-color wp-elements-b818fee965022f5c64c1d09e19a6582d\" style=\"color:#223b3d;font-size:20px\">Fundacja d\u0105\u017cy do niezale\u017cno\u015bci od publicznych \u017ar\u00f3de\u0142 finansowania &#8211; grant\u00f3w, dotacji, projekt\u00f3w. Oczywi\u015bcie w miar\u0119 mo\u017cliwo\u015bci b\u0119dziemy z nich korzysta\u0107, ale z do\u015bwiadczenia wiemy, \u017ce s\u0105 to \u017ar\u00f3d\u0142a nietrwa\u0142e &#8211; cz\u0119sto wsyt\u0119puje brak ci\u0105g\u0142o\u015bci finansowania, konkursy i ich wyniki s\u0105 og\u0142aszane z op\u00f3\u017anieniem, nigdy nie wiadomo, czy otrzyma si\u0119 dotacj\u0119 na kolejn\u0105 edycj\u0119 dzia\u0142ania.<\/p>\n\n\n\n<p class=\"has-text-color has-link-color wp-elements-2855268f49b5bb4403a7df05455b2cf4\" style=\"color:#223b3d;font-size:20px\"><strong>M\u00f3wimy o zabezpieczeniu \u015brodk\u00f3w do \u017cycia i wsparcia os\u00f3b z niepe\u0142nosprawno\u015bciami &#8211; nie b\u0119dziemy mogli im powiedzie\u0107 &#8220;konkurs si\u0119 sko\u0144czy\u0142, nie mo\u017cemy Was dalej wspiera\u0107&#8221;. <\/strong><\/p>\n\n\n\n<p class=\"has-text-color has-link-color wp-elements-678b6f0db882f7f3e796ce166b9f861d\" style=\"color:#223b3d;font-size:20px\">Dlatego zgodnie z za\u0142o\u017ceniami, Fundacja W stron\u0119 jutra ma by\u0107 organizacj\u0105 samofinansuj\u0105c\u0105 si\u0119 &#8211; jej funkcjonowanie b\u0119dzie oparte na \u015brodkach materialnych i finansowych, przekazanych przez rodziny os\u00f3b z niepe\u0142nosprawno\u015bciami i przez nie same. Zanim do tego dojdzie, musimy pozyska\u0107 \u015brodki na bie\u017c\u0105ce funkcjonowanie &#8211; opracowanie Indywidualnych Plan\u00f3w Zabezpieczenia Prawno &#8211; Finansowego dla ka\u017cdej osoby z niepe\u0142nosprawno\u015bci\u0105, przygotowanie um\u00f3w i akt\u00f3w notarialnych, kt\u00f3re b\u0119d\u0105 podstawowymi dokumentami gwarantuj\u0105cymi bezpiecze\u0144stwo i wywi\u0105zanie si\u0119 z zada\u0144 czy podstawowe wynagrodzenie dla os\u00f3b tym si\u0119 zajmuj\u0105cych, kt\u00f3rzy do tej pory w du\u017cej mierze bezp\u0142atnie po\u015bwi\u0119cali sw\u00f3j prywatny czas, aby dosz\u0142o do za\u0142o\u017cenia Fundacji.<br><br><\/p>\n\n\n\n<div id=\"wp-block-themeisle-blocks-advanced-columns-678cc482\" class=\"wp-block-themeisle-blocks-advanced-columns alignfull has-1-columns has-desktop-equal-layout has-tablet-equal-layout has-mobile-collapsedRows-layout has-reverse-columns-mobile has-vertical-bottom ticss-c00aadba has-dark-bg\"><div class=\"wp-block-themeisle-blocks-advanced-columns-overlay\"><\/div><div class=\"innerblocks-wrap\">\n<div id=\"wp-block-themeisle-blocks-advanced-column-4d412c51\" class=\"wp-block-themeisle-blocks-advanced-column\">\n<h2 id=\"wp-block-themeisle-blocks-advanced-heading-fb3c7a39\" class=\"wp-block-themeisle-blocks-advanced-heading wp-block-themeisle-blocks-advanced-heading-fb3c7a39\"><strong>Je\u017celi nasze dzia\u0142ania s\u0105 Ci bliskie, wesprzyj nas<\/strong>.<\/h2>\n\n\n\n<p class=\"has-text-align-center has-text-color\" style=\"color:#fefefe\">Przeka\u017c darowizn\u0119 na cele statutowe:<br>Bank Pekao <strong>91 1240 6074 1111 0011 3988 8189<\/strong><br>Fundacja W stron\u0119 jutra<br>ul. Targowa 82, 03-448 Warszawa<\/p>\n<\/div>\n<\/div><\/div>\n\n\n\n<div class=\"wp-block-buttons alignwide is-layout-flex wp-block-buttons-is-layout-flex\">\n<div class=\"wp-block-button has-custom-width wp-block-button__width-100 is-style-fill\"><a class=\"wp-block-button__link has-ti-bg-background-color has-text-color has-background has-link-color has-border-color wp-element-button\" href=\"https:\/\/wstronejutra.pl\/wp-content\/uploads\/2024\/08\/DEKLARACJA-WSPARCIA-FINANSOWEGO.pdf\" style=\"border-color:#26777d;border-width:3px;color:#26777d\">Pobierz deklaracj\u0119 wsparcia finansowego<\/a><\/div>\n<\/div>\n\n\n\n<p><\/p>\n\n\n\n<p><\/p>\n","protected":false},"excerpt":{"rendered":"<p>Fundacja d\u0105\u017cy do niezale\u017cno\u015bci od publicznych \u017ar\u00f3de\u0142 finansowania &#8211; grant\u00f3w, dotacji, projekt\u00f3w. Oczywi\u015bcie w miar\u0119 mo\u017cliwo\u015bci b\u0119dziemy z nich korzysta\u0107, ale z do\u015bwiadczenia wiemy, \u017ce s\u0105 to \u017ar\u00f3d\u0142a nietrwa\u0142e &#8211; cz\u0119sto wsyt\u0119puje brak ci\u0105g\u0142o\u015bci finansowania, konkursy i ich wyniki s\u0105 og\u0142aszane z op\u00f3\u017anieniem, nigdy nie wiadomo, czy otrzyma si\u0119 dotacj\u0119 na kolejn\u0105 edycj\u0119 dzia\u0142ania. M\u00f3wimy [&hellip;]<\/p>\n","protected":false},"author":1,"featured_media":0,"parent":0,"menu_order":0,"comment_status":"closed","ping_status":"closed","template":"","meta":{"_themeisle_gutenberg_block_has_review":false,"footnotes":""},"class_list":["post-104","page","type-page","status-publish","hentry"],"_links":{"self":[{"href":"https:\/\/wstronejutra.pl\/index.php\/wp-json\/wp\/v2\/pages\/104","targetHints":{"allow":["GET"]}}],"collection":[{"href":"https:\/\/wstronejutra.pl\/index.php\/wp-json\/wp\/v2\/pages"}],"about":[{"href":"https:\/\/wstronejutra.pl\/index.php\/wp-json\/wp\/v2\/types\/page"}],"author":[{"embeddable":true,"href":"https:\/\/wstronejutra.pl\/index.php\/wp-json\/wp\/v2\/users\/1"}],"replies":[{"embeddable":true,"href":"https:\/\/wstronejutra.pl\/index.php\/wp-json\/wp\/v2\/comments?post=104"}],"version-history":[{"count":12,"href":"https:\/\/wstronejutra.pl\/index.php\/wp-json\/wp\/v2\/pages\/104\/revisions"}],"predecessor-version":[{"id":432,"href":"https:\/\/wstronejutra.pl\/index.php\/wp-json\/wp\/v2\/pages\/104\/revisions\/432"}],"wp:attachment":[{"href":"https:\/\/wstronejutra.pl\/index.php\/wp-json\/wp\/v2\/media?parent=104"}],"curies":[{"name":"wp","href":"https:\/\/api.w.org\/{rel}","templated":true}]}}