{"id":228,"date":"2024-07-09T11:48:17","date_gmt":"2024-07-09T11:48:17","guid":{"rendered":"https:\/\/wstronejutra.pl\/?page_id=228"},"modified":"2024-08-05T08:31:19","modified_gmt":"2024-08-05T08:31:19","slug":"mieszkania-indywidualne","status":"publish","type":"page","link":"https:\/\/wstronejutra.pl\/index.php\/mieszkania-indywidualne\/","title":{"rendered":"Mieszkania indywidualne"},"content":{"rendered":"\n<p class=\"has-text-color has-link-color wp-elements-6a84eaacfeef5e2c07dd95e869973e77\" style=\"color:#223b3d;font-size:20px\">\u25b6\ufe0e S\u0105 to mieszkania b\u0119d\u0105ce w\u0142asno\u015bci\u0105 lub w dyspozycji Os\u00f3b z niepe\u0142nosprawno\u015bci\u0105 (mieszkania komunalne lub socjalne).<br>\u25b6\ufe0e Dedykowane osobom najbardziej samodzielnym (g\u0142\u00f3wnie &#8211; z lekkim stopniem niepe\u0142nosprawno\u015bci intelektualnej), wymagaj\u0105cym wsparcia w wymiarze 2-3 razy w tygodniu<br>\u25b6\ufe0e Asystent \/ trener indywidualnie ustala zakres wsparcia OzN i cz\u0119stotliwo\u015b\u0107 spotka\u0144. Jest tak\u017ce w dyspozycji telefonicznej (sytuacje interwencyjne). Zakres wsparcia (przyk\u0142ady):<br>\u23fa\ufe0e wsparcie w zarz\u0105dzaniu bud\u017cetem, w tym op\u0142acanie rachunk\u00f3w, gromadzenie oszcz\u0119dno\u015bci, realizacja bie\u017c\u0105cych wydatk\u00f3w,<br>\u23fa\ufe0e wsparcie samoobs\u0142ugi w codziennym \u017cyciu, tj. dbania o stan zdrowia (w tym regularne przyjmowanie lek\u00f3w, pilnowanie termin\u00f3w wizyt lekarskich), za\u0142atwianie spraw administracyjno-urz\u0119dowych,<br>\u23fa\ufe0e wsparcie zale\u017cne od potrzeb w obszarze uzgodnionym z OzN, np. trening kulinarny, trening porz\u0105dkowy, trening realizacji hobby i sp\u0119dzania czasu wolnego itp.<br>\u23fa\ufe0e koordynacji dzia\u0142a\u0144 &#8211; wsp\u00f3\u0142praca z instytucjami pomocy spo\u0142ecznej, o\u015brodkiem wsparcia, pracodawc\u0105, cz\u0142onkami rodziny, \u015brodowiskiem lokalnym \/ s\u0105siedzkim itp.<br>\u25b6\ufe0e OzN utrzymuje si\u0119 samodzielnie. Asystent \/ trener wspiera w racjonalnym gospodarowaniu bud\u017cetem.<br>\u25b6\ufe0e Potencjalne \u017ar\u00f3d\u0142a finansowania wsparcia:<br>\u23fa\ufe0e Dofinansowanie samorz\u0105du \u2013 projekt miejski.<br>\u23fa\ufe0e <strong>Program Asystent osobisty OzN<\/strong><br>\u23fa\ufe0e Wsp\u00f3\u0142finansowanie us\u0142ugi wsparcia przez OzN<\/p>\n","protected":false},"excerpt":{"rendered":"<p>\u25b6\ufe0e S\u0105 to mieszkania b\u0119d\u0105ce w\u0142asno\u015bci\u0105 lub w dyspozycji Os\u00f3b z niepe\u0142nosprawno\u015bci\u0105 (mieszkania komunalne lub socjalne).\u25b6\ufe0e Dedykowane osobom najbardziej samodzielnym (g\u0142\u00f3wnie &#8211; z lekkim stopniem niepe\u0142nosprawno\u015bci intelektualnej), wymagaj\u0105cym wsparcia w wymiarze 2-3 razy w tygodniu\u25b6\ufe0e Asystent \/ trener indywidualnie ustala zakres wsparcia OzN i cz\u0119stotliwo\u015b\u0107 spotka\u0144. Jest tak\u017ce w dyspozycji telefonicznej (sytuacje interwencyjne). Zakres wsparcia [&hellip;]<\/p>\n","protected":false},"author":1,"featured_media":0,"parent":0,"menu_order":0,"comment_status":"closed","ping_status":"closed","template":"","meta":{"_themeisle_gutenberg_block_has_review":false,"footnotes":""},"class_list":["post-228","page","type-page","status-publish","hentry"],"_links":{"self":[{"href":"https:\/\/wstronejutra.pl\/index.php\/wp-json\/wp\/v2\/pages\/228","targetHints":{"allow":["GET"]}}],"collection":[{"href":"https:\/\/wstronejutra.pl\/index.php\/wp-json\/wp\/v2\/pages"}],"about":[{"href":"https:\/\/wstronejutra.pl\/index.php\/wp-json\/wp\/v2\/types\/page"}],"author":[{"embeddable":true,"href":"https:\/\/wstronejutra.pl\/index.php\/wp-json\/wp\/v2\/users\/1"}],"replies":[{"embeddable":true,"href":"https:\/\/wstronejutra.pl\/index.php\/wp-json\/wp\/v2\/comments?post=228"}],"version-history":[{"count":5,"href":"https:\/\/wstronejutra.pl\/index.php\/wp-json\/wp\/v2\/pages\/228\/revisions"}],"predecessor-version":[{"id":417,"href":"https:\/\/wstronejutra.pl\/index.php\/wp-json\/wp\/v2\/pages\/228\/revisions\/417"}],"wp:attachment":[{"href":"https:\/\/wstronejutra.pl\/index.php\/wp-json\/wp\/v2\/media?parent=228"}],"curies":[{"name":"wp","href":"https:\/\/api.w.org\/{rel}","templated":true}]}}