{"id":240,"date":"2024-07-09T13:19:04","date_gmt":"2024-07-09T13:19:04","guid":{"rendered":"https:\/\/wstronejutra.pl\/?page_id=240"},"modified":"2024-08-05T08:28:42","modified_gmt":"2024-08-05T08:28:42","slug":"zespol-mieszkan","status":"publish","type":"page","link":"https:\/\/wstronejutra.pl\/index.php\/zespol-mieszkan\/","title":{"rendered":"Zesp\u00f3\u0142 mieszka\u0144"},"content":{"rendered":"\n<p class=\"has-text-color has-link-color wp-elements-b8b7760d4396cbb16aa4c6e337734a79\" style=\"color:#223b3d;font-size:20px\">\u25b6\ufe0e Mieszkania z zasob\u00f3w miejskich &#8211; TBS &#8211; partycypacja miasta \/ Fundacji \/ OzN lub w\u0142asno\u015b\u0107 prywatna &#8211; zakup mieszka\u0144 indywidualnych przez OzN<br>\u25b6\ufe0e Zesp\u00f3\u0142 4-8 indywidualnych mieszka\u0144 OzN (pok\u00f3j, aneks kuchenny, \u0142azienka) usytuowanych w obr\u0119bie jednej klatki \/ pi\u0119tra z przestrzeni\u0105 wsp\u00f3ln\u0105, np. salonem (z miejscem dla trenera \/asystenta) i kuchni\u0105.<br>\u25b6\ufe0e Trener \/ asystent \u015bwiadczy wsparcie jednocze\u015bnie we wszystkich mieszkaniach \u2013 w wymiarze dostosowanym do zdiagnozowanych potrzeb poszczeg\u00f3lnych os\u00f3b.<br>\u25b6\ufe0e Mieszka\u0144cy ponosz\u0105 koszty utrzymania lokalu w\u0142asnego (czynsz, op\u0142aty itp.) i cz\u0119\u015bci wsp\u00f3lnej oraz utrzymania w\u0142asnego<br>\u25b6\ufe0e Potencjalne \u017ar\u00f3d\u0142a finansowania wsparcia: <br>\u23fa\ufe0e <strong>Dofinansowanie samorz\u0105du &#8211; projekt miejski. <br>\u23fa\ufe0e Program Asystent osobisty OzN <\/strong><br>\u23fa\ufe0e Wsp\u00f3\u0142finansowanie us\u0142ugi wsparcia przez OzN<\/p>\n","protected":false},"excerpt":{"rendered":"<p>\u25b6\ufe0e Mieszkania z zasob\u00f3w miejskich &#8211; TBS &#8211; partycypacja miasta \/ Fundacji \/ OzN lub w\u0142asno\u015b\u0107 prywatna &#8211; zakup mieszka\u0144 indywidualnych przez OzN\u25b6\ufe0e Zesp\u00f3\u0142 4-8 indywidualnych mieszka\u0144 OzN (pok\u00f3j, aneks kuchenny, \u0142azienka) usytuowanych w obr\u0119bie jednej klatki \/ pi\u0119tra z przestrzeni\u0105 wsp\u00f3ln\u0105, np. salonem (z miejscem dla trenera \/asystenta) i kuchni\u0105.\u25b6\ufe0e Trener \/ asystent \u015bwiadczy [&hellip;]<\/p>\n","protected":false},"author":1,"featured_media":0,"parent":0,"menu_order":0,"comment_status":"closed","ping_status":"closed","template":"","meta":{"_themeisle_gutenberg_block_has_review":false,"footnotes":""},"class_list":["post-240","page","type-page","status-publish","hentry"],"_links":{"self":[{"href":"https:\/\/wstronejutra.pl\/index.php\/wp-json\/wp\/v2\/pages\/240","targetHints":{"allow":["GET"]}}],"collection":[{"href":"https:\/\/wstronejutra.pl\/index.php\/wp-json\/wp\/v2\/pages"}],"about":[{"href":"https:\/\/wstronejutra.pl\/index.php\/wp-json\/wp\/v2\/types\/page"}],"author":[{"embeddable":true,"href":"https:\/\/wstronejutra.pl\/index.php\/wp-json\/wp\/v2\/users\/1"}],"replies":[{"embeddable":true,"href":"https:\/\/wstronejutra.pl\/index.php\/wp-json\/wp\/v2\/comments?post=240"}],"version-history":[{"count":3,"href":"https:\/\/wstronejutra.pl\/index.php\/wp-json\/wp\/v2\/pages\/240\/revisions"}],"predecessor-version":[{"id":414,"href":"https:\/\/wstronejutra.pl\/index.php\/wp-json\/wp\/v2\/pages\/240\/revisions\/414"}],"wp:attachment":[{"href":"https:\/\/wstronejutra.pl\/index.php\/wp-json\/wp\/v2\/media?parent=240"}],"curies":[{"name":"wp","href":"https:\/\/api.w.org\/{rel}","templated":true}]}}