{"id":245,"date":"2024-07-09T13:30:03","date_gmt":"2024-07-09T13:30:03","guid":{"rendered":"https:\/\/wstronejutra.pl\/?page_id=245"},"modified":"2024-08-06T12:17:25","modified_gmt":"2024-08-06T12:17:25","slug":"dzialania","status":"publish","type":"page","link":"https:\/\/wstronejutra.pl\/index.php\/dzialania\/","title":{"rendered":""},"content":{"rendered":"\n<div id=\"wp-block-themeisle-blocks-advanced-columns-784450ff\" class=\"wp-block-themeisle-blocks-advanced-columns alignfull has-1-columns has-desktop-equal-layout has-tablet-equal-layout has-mobile-collapsedRows-layout has-vertical-center ticss-c00aadba\"><div class=\"wp-block-themeisle-blocks-advanced-columns-overlay\"><\/div><div class=\"innerblocks-wrap\">\n<div id=\"wp-block-themeisle-blocks-advanced-column-d0fbfc0a\" class=\"wp-block-themeisle-blocks-advanced-column\">\n<div id=\"wp-block-themeisle-blocks-advanced-columns-f32a2609\" class=\"wp-block-themeisle-blocks-advanced-columns has-1-columns has-desktop-equal-layout has-tablet-equal-layout has-mobile-equal-layout has-vertical-center\"><div class=\"wp-block-themeisle-blocks-advanced-columns-overlay\"><\/div><div class=\"innerblocks-wrap\">\n<div id=\"wp-block-themeisle-blocks-advanced-column-3567d86b\" class=\"wp-block-themeisle-blocks-advanced-column\">\n<h2 id=\"wp-block-themeisle-blocks-advanced-heading-d5f71f32\" class=\"wp-block-themeisle-blocks-advanced-heading wp-block-themeisle-blocks-advanced-heading-d5f71f32 has-light-bg\"><strong>Deklaracje niezb\u0119dne do skorzystania ze wsparcia Fundacji W stron\u0119 jutra.<\/strong><\/h2>\n\n\n\n<p class=\"has-text-align-center has-text-color has-link-color wp-elements-4332a94fdadccfe01f8f70b8301f3a23\" style=\"color:#223b3d;font-size:22px\">Decyzj\u0119 o przyj\u0119cie Osoby z Niepe\u0142nosprawno\u015bci\u0105 w poczet Podopiecznych Fundacji W stron\u0119 jutra podejmuje Zarz\u0105d Fundacji.<\/p>\n<\/div>\n<\/div><\/div>\n\n\n\n<div id=\"wp-block-themeisle-blocks-advanced-columns-8085ff1f\" class=\"wp-block-themeisle-blocks-advanced-columns has-3-columns has-desktop-equal-layout has-tablet-equal-layout has-mobile-collapsedRows-layout has-vertical-top\"><div class=\"wp-block-themeisle-blocks-advanced-columns-overlay\"><\/div><div class=\"innerblocks-wrap\">\n<div id=\"wp-block-themeisle-blocks-advanced-column-dfb15c39\" class=\"wp-block-themeisle-blocks-advanced-column\">\n<h3 id=\"wp-block-themeisle-blocks-advanced-heading-3147d135\" class=\"wp-block-themeisle-blocks-advanced-heading wp-block-themeisle-blocks-advanced-heading-3147d135 has-light-bg\"><strong>DEKLARACJA PODOPIECZNEGO<\/strong><\/h3>\n\n\n\n<p class=\"has-text-align-center has-text-color has-link-color wp-elements-702aabd0dc51d01134cebdd56a889ed6\" style=\"color:#223b3d;font-size:20px\">Deklaracja Osoby z niepe\u0142nosprawno\u015bci\u0105, kt\u00f3ra chce zosta\u0107 obj\u0119ta wsparciem Fundacji W stron\u0119 jutra.<\/p>\n\n\n\n<div class=\"wp-block-buttons is-vertical is-content-justification-center is-layout-flex wp-container-core-buttons-is-layout-9f5e29b6 wp-block-buttons-is-layout-flex\">\n<div class=\"wp-block-button is-style-primary\"><a class=\"wp-block-button__link has-ti-bg-color has-text-color has-background has-link-color wp-element-button\" href=\"https:\/\/wstronejutra.pl\/wp-content\/uploads\/2024\/07\/DEKLARACJA-PODOPIECZNEGO.pdf\" style=\"background-color:#26777d\">Pobierz Plik:<br>osoba w pe\u0142ni praw<\/a><\/div>\n\n\n\n<div class=\"wp-block-button\"><a class=\"wp-block-button__link has-ti-bg-color has-text-color has-background has-link-color wp-element-button\" href=\"https:\/\/wstronejutra.pl\/wp-content\/uploads\/2024\/08\/DEKLARACJA-PODOPIECZNEGO-osoba-ubezwlasnowolniona.pdf\" style=\"background-color:#26777d\">Pobierz Plik:<br>osoba ubezw\u0142asnowolniona<\/a><\/div>\n<\/div>\n<\/div>\n\n\n\n<div id=\"wp-block-themeisle-blocks-advanced-column-ec09b220\" class=\"wp-block-themeisle-blocks-advanced-column ticss-ec09b220\">\n<h3 id=\"wp-block-themeisle-blocks-advanced-heading-869a9c1f\" class=\"wp-block-themeisle-blocks-advanced-heading wp-block-themeisle-blocks-advanced-heading-869a9c1f has-light-bg\"><strong>DEKLARACJA OSOBY WSPIERAJ\u0104CEJ<\/strong><\/h3>\n\n\n\n<p class=\"has-text-align-center has-text-color has-link-color wp-elements-76a8e8b63e1de318874efbd92ab05a68\" style=\"color:#223b3d;font-size:20px\">Deklaracja osoby wspieraj\u0105cej Osob\u0119 z niepe\u0142nosprawno\u015bci\u0105 &#8211; rodzica, rodze\u0144stwa, opiekuna.<\/p>\n\n\n\n<div class=\"wp-block-buttons is-vertical is-content-justification-center is-layout-flex wp-container-core-buttons-is-layout-9f5e29b6 wp-block-buttons-is-layout-flex\">\n<div class=\"wp-block-button is-style-primary\"><a class=\"wp-block-button__link has-ti-bg-color has-text-color has-background has-link-color wp-element-button\" href=\"https:\/\/wstronejutra.pl\/wp-content\/uploads\/2024\/07\/DEKLARACJA-OSOBY-WSPIERAJACEJ.pdf\" style=\"background-color:#26777d\">Pobierz plik:<br>osoba wspieraj\u0105ca<\/a><\/div>\n<\/div>\n<\/div>\n\n\n\n<div id=\"wp-block-themeisle-blocks-advanced-column-adbc5601\" class=\"wp-block-themeisle-blocks-advanced-column\">\n<h3 id=\"wp-block-themeisle-blocks-advanced-heading-bacc3ab4\" class=\"wp-block-themeisle-blocks-advanced-heading wp-block-themeisle-blocks-advanced-heading-bacc3ab4 has-light-bg\"><strong>DEKLARACJA <\/strong><br><strong>RODO<\/strong><\/h3>\n\n\n\n<p class=\"has-text-align-center has-text-color has-link-color wp-elements-9aab0c090396cd1180c31af76237bb7e\" style=\"color:#223b3d;font-size:20px\">Zgoda na przetwarzanie danych osobowych oraz wizerunku.<br>Zgoda RODO jest obowi\u0105zkowa dla Podopiecznego i osoby wspieraj\u0105cej, zgoda na przetwarzanie wizerunku jest dobrowolna.<\/p>\n\n\n\n<div class=\"wp-block-buttons is-vertical is-content-justification-center is-layout-flex wp-container-core-buttons-is-layout-9f5e29b6 wp-block-buttons-is-layout-flex\">\n<div class=\"wp-block-button is-style-primary\"><a class=\"wp-block-button__link has-ti-bg-color has-text-color has-background has-link-color wp-element-button\" href=\"https:\/\/wstronejutra.pl\/wp-content\/uploads\/2024\/07\/DEKLARACJA-RODO.pdf\" style=\"background-color:#26777d\">Pobierz Plik:<br>RODO<\/a><\/div>\n<\/div>\n<\/div>\n<\/div><\/div>\n<\/div>\n<\/div><\/div>\n\n\n\n<p class=\"has-text-align-center has-normal-font-size\">Wype\u0142nione deklaracje nale\u017cy dostarczy\u0107 osobi\u015bcie lub przes\u0142a\u0107 poczt\u0105 na adres:<br>Fundacja W stron\u0119 jutra, <br>ul. Targowa 82, 03-448 Warszawa.<\/p>\n","protected":false},"excerpt":{"rendered":"<p>Wype\u0142nione deklaracje nale\u017cy dostarczy\u0107 osobi\u015bcie lub przes\u0142a\u0107 poczt\u0105 na adres:Fundacja W stron\u0119 jutra, ul. Targowa 82, 03-448 Warszawa.<\/p>\n","protected":false},"author":1,"featured_media":0,"parent":0,"menu_order":0,"comment_status":"closed","ping_status":"closed","template":"","meta":{"_themeisle_gutenberg_block_has_review":false,"footnotes":""},"class_list":["post-245","page","type-page","status-publish","hentry"],"_links":{"self":[{"href":"https:\/\/wstronejutra.pl\/index.php\/wp-json\/wp\/v2\/pages\/245","targetHints":{"allow":["GET"]}}],"collection":[{"href":"https:\/\/wstronejutra.pl\/index.php\/wp-json\/wp\/v2\/pages"}],"about":[{"href":"https:\/\/wstronejutra.pl\/index.php\/wp-json\/wp\/v2\/types\/page"}],"author":[{"embeddable":true,"href":"https:\/\/wstronejutra.pl\/index.php\/wp-json\/wp\/v2\/users\/1"}],"replies":[{"embeddable":true,"href":"https:\/\/wstronejutra.pl\/index.php\/wp-json\/wp\/v2\/comments?post=245"}],"version-history":[{"count":17,"href":"https:\/\/wstronejutra.pl\/index.php\/wp-json\/wp\/v2\/pages\/245\/revisions"}],"predecessor-version":[{"id":474,"href":"https:\/\/wstronejutra.pl\/index.php\/wp-json\/wp\/v2\/pages\/245\/revisions\/474"}],"wp:attachment":[{"href":"https:\/\/wstronejutra.pl\/index.php\/wp-json\/wp\/v2\/media?parent=245"}],"curies":[{"name":"wp","href":"https:\/\/api.w.org\/{rel}","templated":true}]}}