{"id":72,"date":"2024-04-12T08:27:51","date_gmt":"2024-04-12T08:27:51","guid":{"rendered":"https:\/\/wstronejutra.pl\/?page_id=72"},"modified":"2024-08-14T20:44:35","modified_gmt":"2024-08-14T20:44:35","slug":"zarzad","status":"publish","type":"page","link":"https:\/\/wstronejutra.pl\/index.php\/zarzad\/","title":{"rendered":""},"content":{"rendered":"\n<div id=\"wp-block-themeisle-blocks-advanced-columns-d87d87fb\" class=\"wp-block-themeisle-blocks-advanced-columns alignfull has-1-columns has-desktop-equal-layout has-tablet-equal-layout has-mobile-collapsedRows-layout has-vertical-center ticss-c00aadba\"><div class=\"wp-block-themeisle-blocks-advanced-columns-overlay\"><\/div><div class=\"innerblocks-wrap\">\n<div id=\"wp-block-themeisle-blocks-advanced-column-60dad16e\" class=\"wp-block-themeisle-blocks-advanced-column\">\n<div id=\"wp-block-themeisle-blocks-advanced-columns-d2e20cf0\" class=\"wp-block-themeisle-blocks-advanced-columns has-1-columns has-desktop-equal-layout has-tablet-equal-layout has-mobile-equal-layout has-vertical-center\"><div class=\"wp-block-themeisle-blocks-advanced-columns-overlay\"><\/div><div class=\"innerblocks-wrap\">\n<div id=\"wp-block-themeisle-blocks-advanced-column-05d18d48\" class=\"wp-block-themeisle-blocks-advanced-column\">\n<h2 id=\"wp-block-themeisle-blocks-advanced-heading-a0f1691e\" class=\"wp-block-themeisle-blocks-advanced-heading wp-block-themeisle-blocks-advanced-heading-a0f1691e\">Zarz\u0105d Fundacji W stron\u0119 jutra<\/h2>\n\n\n\n<p class=\"has-text-color has-link-color wp-elements-c38c67cb994aefae80d8ecf434f58bf6\" style=\"color:#223b3d\">Osoby nieprzypadkowe &#8211; od wielu lat zajmuj\u0105ce si\u0119 problematyk\u0105 zabezpieczenia przysz\u0142o\u015bci os\u00f3b z niepe\u0142nosprawno\u015bciami i realizuj\u0105ce zadania \/ projekty z zakresu mieszkalnictwa dla OzN w ramach Stowarzyszenia Otwarte Drzwi. Spo\u0142ecznicy przez wielkie S, oddani swojej pracy, kt\u00f3ra jednocze\u015bnie jest ich pasj\u0105.<\/p>\n<\/div>\n<\/div><\/div>\n\n\n\n<div id=\"wp-block-themeisle-blocks-advanced-columns-be71e345\" class=\"wp-block-themeisle-blocks-advanced-columns has-2-columns has-desktop-equal-layout has-tablet-twoColumnGrid-layout has-mobile-collapsedRows-layout has-vertical-top\"><div class=\"wp-block-themeisle-blocks-advanced-columns-overlay\"><\/div><div class=\"innerblocks-wrap\">\n<div id=\"wp-block-themeisle-blocks-advanced-column-e373838a\" class=\"wp-block-themeisle-blocks-advanced-column\">\n<figure class=\"wp-block-image size-full is-resized is-style-rounded\"><img loading=\"lazy\" decoding=\"async\" width=\"1080\" height=\"1080\" src=\"http:\/\/wstronejutra.pl\/wp-content\/uploads\/2024\/08\/1-1.png\" alt=\"\" class=\"wp-image-485\" style=\"aspect-ratio:0.994475138121547;width:301px;height:auto\" srcset=\"https:\/\/wstronejutra.pl\/wp-content\/uploads\/2024\/08\/1-1.png 1080w, https:\/\/wstronejutra.pl\/wp-content\/uploads\/2024\/08\/1-1-300x300.png 300w, https:\/\/wstronejutra.pl\/wp-content\/uploads\/2024\/08\/1-1-1024x1024.png 1024w, https:\/\/wstronejutra.pl\/wp-content\/uploads\/2024\/08\/1-1-150x150.png 150w, https:\/\/wstronejutra.pl\/wp-content\/uploads\/2024\/08\/1-1-768x768.png 768w\" sizes=\"auto, (max-width: 1080px) 100vw, 1080px\" \/><\/figure>\n\n\n\n<h3 id=\"wp-block-themeisle-blocks-advanced-heading-a0f377e3\" class=\"wp-block-themeisle-blocks-advanced-heading wp-block-themeisle-blocks-advanced-heading-a0f377e3\">Micha\u0142 Piotrowski<\/h3>\n\n\n\n<h1 id=\"wp-block-themeisle-blocks-advanced-heading-22009bd8\" class=\"wp-block-themeisle-blocks-advanced-heading wp-block-themeisle-blocks-advanced-heading-22009bd8\"><strong>PREZES ZARZ\u0104DU<\/strong><\/h1>\n\n\n\n<p class=\"has-text-align-left has-text-color has-link-color wp-elements-a63a0a5794f241e4699acc369a239a91\" style=\"color:#223b3d\">Pedagog specjalny, andragog.<br><br>Od ponad 9-ciu lat zwi\u0105zany ze Stowarzyszeniem Otwarte Drzwi, pocz\u0105tkowo jako praktykant i wolontariusz, a nast\u0119pnie jako pracownik &#8211; asystent osoby z niepe\u0142nosprawno\u015bci\u0105, terapeuta zaj\u0119ciowy, trener usamodzielniania, koordynator mieszka\u0144 wspomaganych i treningowych. <br><br>Przewodnicz\u0105cy Bran\u017cowej Komisji Dialogu Spo\u0142ecznego ds. Niepe\u0142nosprawno\u015bci przy Biurze Pomocy i Projekt\u00f3w Spo\u0142ecznych m. st. Warszawa. <br>Cz\u0142onek Spo\u0142ecznej Rady ds. Os\u00f3b Niepe\u0142nosprawnych przy Prezydencie m.st. Warszawy.<br>Cz\u0142onek Zespo\u0142u ds. Mieszkalnictwa Wspomaganego powo\u0142anego przy BKDS. <br>Przedstawiciel strony spo\u0142ecznej w Parlamentarnym Zespole ds. Os\u00f3b Niepe\u0142nosprawnych.<\/p>\n\n\n\n<ul class=\"wp-block-social-links is-style-default is-layout-flex wp-block-social-links-is-layout-flex\"><li class=\"wp-social-link wp-social-link-linkedin  wp-block-social-link\"><a href=\"https:\/\/www.linkedin.com\/in\/micha%C5%82-piotrowski-503133200\/\" class=\"wp-block-social-link-anchor\"><svg width=\"24\" height=\"24\" viewBox=\"0 0 24 24\" version=\"1.1\" xmlns=\"http:\/\/www.w3.org\/2000\/svg\" aria-hidden=\"true\" focusable=\"false\"><path d=\"M19.7,3H4.3C3.582,3,3,3.582,3,4.3v15.4C3,20.418,3.582,21,4.3,21h15.4c0.718,0,1.3-0.582,1.3-1.3V4.3 C21,3.582,20.418,3,19.7,3z M8.339,18.338H5.667v-8.59h2.672V18.338z M7.004,8.574c-0.857,0-1.549-0.694-1.549-1.548 c0-0.855,0.691-1.548,1.549-1.548c0.854,0,1.547,0.694,1.547,1.548C8.551,7.881,7.858,8.574,7.004,8.574z M18.339,18.338h-2.669 v-4.177c0-0.996-0.017-2.278-1.387-2.278c-1.389,0-1.601,1.086-1.601,2.206v4.249h-2.667v-8.59h2.559v1.174h0.037 c0.356-0.675,1.227-1.387,2.526-1.387c2.703,0,3.203,1.779,3.203,4.092V18.338z\"><\/path><\/svg><span class=\"wp-block-social-link-label screen-reader-text\">LinkedIn<\/span><\/a><\/li><\/ul>\n<\/div>\n\n\n\n<div id=\"wp-block-themeisle-blocks-advanced-column-47c7b5bd\" class=\"wp-block-themeisle-blocks-advanced-column\">\n<figure class=\"wp-block-image aligncenter size-full is-resized is-style-rounded\"><img loading=\"lazy\" decoding=\"async\" width=\"1080\" height=\"1080\" src=\"http:\/\/wstronejutra.pl\/wp-content\/uploads\/2024\/08\/3-1.png\" alt=\"\" class=\"wp-image-487\" style=\"aspect-ratio:0.994475138121547;width:301px;height:auto\" srcset=\"https:\/\/wstronejutra.pl\/wp-content\/uploads\/2024\/08\/3-1.png 1080w, https:\/\/wstronejutra.pl\/wp-content\/uploads\/2024\/08\/3-1-300x300.png 300w, https:\/\/wstronejutra.pl\/wp-content\/uploads\/2024\/08\/3-1-1024x1024.png 1024w, https:\/\/wstronejutra.pl\/wp-content\/uploads\/2024\/08\/3-1-150x150.png 150w, https:\/\/wstronejutra.pl\/wp-content\/uploads\/2024\/08\/3-1-768x768.png 768w\" sizes=\"auto, (max-width: 1080px) 100vw, 1080px\" \/><\/figure>\n\n\n\n<h3 id=\"wp-block-themeisle-blocks-advanced-heading-d67c0dbf\" class=\"wp-block-themeisle-blocks-advanced-heading wp-block-themeisle-blocks-advanced-heading-d67c0dbf\">Iwona Wojtczak-Grzesi\u0144ska<\/h3>\n\n\n\n<h1 id=\"wp-block-themeisle-blocks-advanced-heading-ab27dee0\" class=\"wp-block-themeisle-blocks-advanced-heading wp-block-themeisle-blocks-advanced-heading-ab27dee0\"><strong>CZ\u0141ONEK ZARZ\u0104DU<\/strong><\/h1>\n\n\n\n<p class=\"has-text-align-left has-text-color has-link-color wp-elements-4c994faeae34e89242859133a870e6d6\" style=\"color:#223b3d\">Psycholo\u017cka kliniczna z&nbsp;ponad 40-letnim do\u015bwiadczeniem w&nbsp;rehabilitacji os\u00f3b z&nbsp;zaburzeniami psychicznymi, w&nbsp;tym z&nbsp;niepe\u0142nosprawno\u015bci\u0105 intelektualn\u0105.<br><br>Autorka ksi\u0105\u017cek, artyku\u0142\u00f3w, wyk\u0142adowczyni na&nbsp;Wydziale Psychologii Uniwersytetu \u0141\u00f3dzkiego, prelegentka podczas licznych konferencji naukowych, wsp\u00f3\u0142autorka standardu mieszka\u0144 wspomaganych dla os\u00f3b z&nbsp;niepe\u0142nosprawno\u015bci\u0105 intelektualn\u0105 w&nbsp;m. st. Warszawa. Szkoleniowczyni w&nbsp;zakresie nowoczesnych metod rehabilitacji spo\u0142ecznej i&nbsp;zawodowej, problematyki rozwoju psychoseksualnego os\u00f3b z&nbsp;niepe\u0142nosprawno\u015bci\u0105 intelektualn\u0105, zjawisk przemocy, uzale\u017cnie\u0144, zagro\u017ce\u0144 cywilizacyjnych dotycz\u0105cych tej&nbsp;grupy.<br><br>Od ponad&nbsp;26 lat zwi\u0105zana ze&nbsp;Stowarzyszeniem Otwarte Drzwi.<\/p>\n<\/div>\n<\/div><\/div>\n<\/div>\n<\/div><\/div>\n","protected":false},"excerpt":{"rendered":"","protected":false},"author":1,"featured_media":0,"parent":0,"menu_order":0,"comment_status":"closed","ping_status":"closed","template":"","meta":{"_themeisle_gutenberg_block_has_review":false,"footnotes":""},"class_list":["post-72","page","type-page","status-publish","hentry"],"_links":{"self":[{"href":"https:\/\/wstronejutra.pl\/index.php\/wp-json\/wp\/v2\/pages\/72","targetHints":{"allow":["GET"]}}],"collection":[{"href":"https:\/\/wstronejutra.pl\/index.php\/wp-json\/wp\/v2\/pages"}],"about":[{"href":"https:\/\/wstronejutra.pl\/index.php\/wp-json\/wp\/v2\/types\/page"}],"author":[{"embeddable":true,"href":"https:\/\/wstronejutra.pl\/index.php\/wp-json\/wp\/v2\/users\/1"}],"replies":[{"embeddable":true,"href":"https:\/\/wstronejutra.pl\/index.php\/wp-json\/wp\/v2\/comments?post=72"}],"version-history":[{"count":15,"href":"https:\/\/wstronejutra.pl\/index.php\/wp-json\/wp\/v2\/pages\/72\/revisions"}],"predecessor-version":[{"id":488,"href":"https:\/\/wstronejutra.pl\/index.php\/wp-json\/wp\/v2\/pages\/72\/revisions\/488"}],"wp:attachment":[{"href":"https:\/\/wstronejutra.pl\/index.php\/wp-json\/wp\/v2\/media?parent=72"}],"curies":[{"name":"wp","href":"https:\/\/api.w.org\/{rel}","templated":true}]}}